is h(-1)?
-45
Let d(o) = 2*o**2 + 399*o + 12269. Calculate d(-38).
-5
Let t(i) = 215*i - 1069. Determine t(5).
6
Let d(u) = 31*u + 32. Give d(7).
249
Let o(s) = 60*s + 132. What is o(-4)?
-108
Let d(h) = -13*h**3 - 10*h**2 - 20*h. Give d(-2).
104
Let i(c) = 6*c - 73. Give i(-9).
-127
Let t(k) = -3*k**3 + 56*k**2 - 86*k + 26. Determine t(17).
9
Let k(a) = 2*a**2 + 149*a + 754. Calculate k(-69).
-5
Let p(v) = 2*v**2 + 52*v - 254. Determine p(5).
56
Let d(h) = 39*h - 385. Calculate d(11).
44
Let f(z) = z**3 - 62*z**2 + 479*z - 88. Give f(53).
18
Let z(v) = -6*v**2 - 45*v - 1. What is z(-13)?
-430
Let z(p) = 712*p + 2148. Give z(-3).
12
Let s(q) = -q**2 + 88*q - 1338. What is s(27)?
309
Let v(x) = 331*x - 1332. Give v(4).
-8
Let f(d) = d**3 - 62*d**2 + 124*d - 377. What is f(60)?
-137
Let r(u) = -6*u**2 - 82*u - 29. What is r(-12)?
91
Let y(n) = -36*n - 955. Give y(-32).
197
Let n(q) = -16*q + 628. Give n(44).
-76
Let j(g) = -g**3 + 2*g**2 + 65*g + 8. What is j(-7)?
-6
Let s(o) = -4*o - 236. What is s(-12)?
-188
Let b(f) = f**3 + 52*f**2 + 654*f + 75. Give b(-21).
12
Let r(s) = -2*s**3 + 52*s - 4. Calculate r(5).
6
Let i(x) = -22*x**2 - 237*x + 60. What is i(-11)?
5
Let x(a) = 6*a - 363. Calculate x(65).
27
Let x(c) = 1419*c - 43998. What is x(31)?
-9
Let n(v) = 92*v + 5542. Determine n(-61).
-70
Let i(x) = -4*x**3 - 36*x**2 + 14*x - 25. Give i(-10).
235
Let w(a) = -7187*a + 71866. What is w(10)?
-4
Let j(u) = -33*u + 107. Give j(6).
-91
Let v(b) = -3*b**3 + 146*b**2 - 96*b - 37. Determine v(48).
-37
Let p(o) = -3*o**3 + 186*o**2 + 365*o + 1240. Calculate p(64).
24
Let l(d) = -96*d - 858. What is l(-9)?
6
Let z(n) = -150*n - 129. Determine z(-1).
21
Let h(o) = -19*o**2 - 16*o - 6. What is h(1)?
-41
Let u(m) = -238*m - 474. Give u(-2).
2
Let v(j) = -60*j + 53. Calculate v(4).
-187
Let j(k) = 20*k + 717. Give j(-42).
-123
Let k(y) = -y**2 - 24*y - 140. Determine k(-16).
-12
Let x(i) = -329*i + 614. Give x(5).
-1031
Let c(z) = -z**3 + 2*z**2 + 36*z - 105. Give c(5).
0
Let u(f) = -3*f**3 - 26*f**2 + 29*f - 3. What is u(1)?
-3
Let p(l) = 4*l**2 + 129*l - 5404. Calculate p(24).
-4
Let y(j) = j**3 - 152*j**2 - 66*j + 10035. What is y(152)?
3
Let x(d) = 5*d**2 + 113*d - 46. Give x(-9).
-658
Let f(t) = 5*t**3 - 187*t**2 - 117*t + 90. What is f(38)?
-24
Let x(w) = -101*w - 158. What is x(-4)?
246
Let p(y) = -164*y + 16881. What is p(103)?
-11
Let l(h) = -26*h - 44. Give l(-9).
190
Let k(j) = 7*j + 114. Determine k(-33).
-117
Let l(x) = 27*x - 1022. Give l(37).
-23
Let s(j) = -2*j + 35. Calculate s(14).
7
Let f(v) = 970*v - 2896. Give f(3).
14
Let d(u) = -u**3 - 4*u**2 - 7*u - 38. Determine d(-3).
-26
Let r(s) = -552*s - 2206. Calculate r(-4).
2
Let i(a) = 32*a - 6. What is i(-4)?
-134
Let j(p) = 79*p + 1049. What is j(-17)?
-294
Let y(t) = 2*t**3 - 35*t**2 - 18*t + 39. Calculate y(18).
39
Let c(u) = -104*u + 30. Give c(-2).
238
Let f(b) = -10*b**3 + 2*b**2 + 6*b - 4. Calculate f(3).
-238
Let q(c) = 115*c + 1957. Calculate q(-17).
2
Let l(g) = -g**3 + 26*g**2 + 46*g + 194. Determine l(28).
-86
Let m(l) = 39*l - 216. Calculate m(7).
57
Let z(o) = o**3 + 5*o**2 - 3*o - 3. What is z(2)?
19
Let w(g) = -g**2 + 37*g + 1600. Determine w(-24).
136
Let p(m) = -12*m**2 + 3*m + 22. Determine p(-4).
-182
Let h(s) = -15*s**2 + 68*s + 139. Calculate h(6).
7
Let i(a) = 120*a - 17. Give i(-1).
-137
Let d(n) = -27*n**2 + 350*n - 585. Determine d(11).
-2
Let m(u) = -473*u + 3318. Determine m(7).
7
Let q(b) = b**2 - b - 193. What is q(14)?
-11
Let s(b) = -b**2 + 13*b + 5971. Give s(84).
7
Let z(i) = -205*i - 22. Give z(2).
-432
Let q(r) = -15*r**2 + 3*r - 1. Give q(-3).
-145
Let t(o) = 20*o + 294. Determine t(-12).
54
Let w(m) = -2*m**2 + 348*m - 5033. What is w(158)?
23
Let t(c) = 82*c + 2534. What is t(-31)?
-8
Let u(n) = 12*n - 292. Determine u(25).
8
Let x(j) = 26*j - 1412. What is x(38)?
-424
Let r(q) = 2*q**3 - 14*q**2 - 18*q + 37. Give r(7).
-89
Let a(d) = 337*d**3 + 681*d**2 + 6*d - 9. Determine a(-2).
7
Let t(w) = 2*w**3 + 182*w**2 - 36*w - 3283. What is t(-91)?
-7
Let q(d) = d**3 + 22*d**2 + 121*d + 29. Calculate q(-9).
-7
Let j(k) = -2*k**2 - 443*k + 1341. Give j(3).
-6
Let m(w) = w**3 - 2*w**2 - 98*w + 184. Calculate m(10).
4
Let w(i) = 46*i - 238. Give w(4).
-54
Let b(k) = 2*k**3 + 175*k**2 - 89*k - 170. Determine b(-88).
-82
Let g(r) = -591*r + 668. Calculate g(1).
77
Let w(c) = -8*c - 351. What is w(-29)?
-119
Let k(o) = o**3 + 25*o**2 + 151*o - 31. Determine k(-12).
29
Let q(l) = -l**3 - 78*l**2 + 55*l - 1898. What is q(-79)?
-2
Let q(i) = -i**3 + 11*i**2 + 119*i - 269. Calculate q(17).
20
Let c(f) = 211*f + 3940. What is c(-19)?
-69
Let s(b) = 2*b**3 - 6*b**2 - 10*b + 32. Calculate s(2).
4
Let u(y) = 2*y**3 - 39*y**2 - 64*y + 3. Give u(21).
-18
Let c(x) = 533*x - 2645. Calculate c(5).
20
Let d(f) = -51*f**2 - 11*f - 5. Give d(3).
-497
Let z(n) = 5*n**3 + 185*n**2 + 345*n - 184. Determine z(-35).
-9
Let a(i) = -i**2 - 77*i - 1041. Give a(-18).
21
Let r(f) = 911*f + 90193. Give r(-99).
4
Let v(l) = l**3 + 18*l**2 - 8*l - 177. What is v(-18)?
-33
Let t(j) = -657*j**2 + 32194*j - 51. What is t(49)?
-2
Let g(z) = -4*z**2 + 194*z - 170. Give g(45).
460
Let i(n) = 11*n**2 + 140*n + 322. Give i(-3).
1
Let m(v) = v**2 + 11*v - 9. Calculate m(-12).
3
Let f(p) = -p**2 + 10*p + 113. Calculate f(-7).
-6
Let n(x) = x**3 + 9*x**2 + 7*x + 78. Determine n(-8).
86
Let d(x) = x**2 + 68*x + 846. Determine d(-51).
-21
Let g(n) = 17*n - 419. What is g(25)?
6
Let o(c) = -c**3 + 10*c**2 - 17*c + 37. Determine o(9).
-35
Let h(m) = -164*m - 991. Give h(-6).
-7
Let n(t) = 1665*t + 1672. Determine n(-1).
7
Let g(b) = b**3 - 65*b**2 - 214*b - 21. Give g(-3).
9
Let q(w) = 2*w**3 + 30*w**2 + 31*w + 35. Calculate q(-14).
-7
Let t(h) = -h**2 - 28*h + 383. Calculate t(10).
3
Let s(t) = 383*t - 2297. Determine s(6).
1
Let x(g) = g**2 + 42*g - 1912. Give x(-70).
48
Let t(g) = 2900*g - 34759. Calculate t(12).
41
Let z(v) = 8*v**3 - 55*v**2 - 53*v + 320. What is z(7)?
-2
Let q(f) = 2*f**2 - 157*f - 1253. Determine q(-8).
131
Let c(v) = -43*v + 52. Determine c(2).
-34
Let o(r) = r**3 - 236*r**2 - 710*r - 1628. Determine o(239).
45
Let b(q) = q**2 - 12*q + 52. Determine b(11).
41
Let l(t) = -t**3 - 10*t**2 + 3*t - 11. What is l(-10)?
-41
Let w(g) = -g**3 - 25*g**2 - 47*g - 17. Calculate w(-23).
6
Let b(a) = 3*a**2 - 76*a + 157. What is b(2)?
17
Let p(y) = 18*y + 61. What is p(9)?
223
Let p(s) = s**2 - 29*s + 50. Calculate p(2).
-4
Let h(g) = -g**2 + 41*g - 170. Give h(11).
160
Let m(b) = b**3 + 14*b**2 + 3*b - 46. Calculate m(-5).
164
Let p(k) = -k**3 - 19*k**2 + 3*k + 91. Give p(-19).
34
Let n(i) = 43*i + 94. What is n(-8)?
-250
Let u(m) = -39*m**2 + 1794*m + 1. Calculate u(46).
1
Let i(w) = -50*w - 807. Determine i(-19).
143
Let f(t) = 14*t + 91. What is f(-7)?
-7
Let b(q) = -4*q**2 + 190*q + 319. Calculate b(49).
25
Let l(q) = -q**2 + 112. Calculate l(-11).
-9
Let f(v) = 4*v**2 + 922*v - 920. Determine f(1).
6
Let m(h) = 1056*h - 5273. Give m(5).
7
Let y(t) = 5*t**2 - 53*t - 12. Determine y(10).
-42
Let k(c) = 840*c - 17641. Determine k(21).
-1
Let b(i) = i**3 + 91*i**2 - 900*i + 44. What is b(9)?
44
Let s(b) = -125*b - 8. Determine s(1).
-133
Let i(s) = 2616*s + 5230. Determine i(-2).
-2
Let u(q) = q**3 + 26*q**2 - 21*q + 161. What is u(-27)?
-1
Let v(s) = 4*s**2 - 53*s + 25. Give v(12).
-35
Let u(v) = 76*v - 5884. Give u(77).
-32
Let w(r) = -r**3 + 28*r**2 + 59*r - 40. Calculate w(30).
-70
Let b(v) = v**2 + 93*v - 9836. Determine b(63).
-8
Let k(l) = l**3 + 11*l**2 - 11*l - 25. Calculate k(-8).
255
Let t(w) = -7829*w + 15646. What is t(2)?
-12
Let m(v) = 1611*v + 11275. Calculate m(-7).
-2
Let l(g) = 17*g**2 + 42*g + 2. Determine l(-5).
217
Let m(l) = -13*l**2 + 91*l - 10. Calculate m(7).
-10
Let k(a) = 435*a + 39591. Calculate k(-91).
6
Let d(n) = n**3 + 5*n**2 - 10*n + 35. Determine d(-7).
7
Let h(i) = 1063*i - 26468. Calculate h(25).
107
Let q(k) = 188*k + 1494. Determine q(-8).
-10
Let l(i) = 19*i - 173. Calculate l(10).
17
Let v(k) = 367*k - 2210. Give v(6).
-8
Let n(k) = -6*k - 62. Give n(-16).
34
Let i(t) = 3*t**2 - 14*t + 52. What is i(-7)?
297
Let x(k) = -2*k**3 + 56*k**2 + 279*k - 6419. What is x(29)?
-10
Let u(q) = q**3 - 5*q**2 - 81*q + 172. Give u(2).
-2
Let s(w) = w**3 + 60*w